{"id":9,"date":"2022-12-14T13:58:12","date_gmt":"2022-12-14T12:58:12","guid":{"rendered":"https:\/\/www.bernardy-gebaeudereinigung.de\/home\/?page_id=9"},"modified":"2022-12-21T12:09:15","modified_gmt":"2022-12-21T11:09:15","slug":"jobs","status":"publish","type":"page","link":"https:\/\/www.bernardy-gebaeudereinigung.de\/home\/jobs\/","title":{"rendered":"Jobs"},"content":{"rendered":"\t\t<div data-elementor-type=\"wp-page\" data-elementor-id=\"9\" class=\"elementor elementor-9\">\n\t\t\t\t\t\t\t\t\t<section class=\"elementor-section elementor-top-section elementor-element elementor-element-f9c0d4d elementor-section-boxed elementor-section-height-default elementor-section-height-default\" data-id=\"f9c0d4d\" data-element_type=\"section\">\n\t\t\t\t\t\t<div class=\"elementor-container elementor-column-gap-default\">\n\t\t\t\t\t<div class=\"elementor-column elementor-col-100 elementor-top-column elementor-element elementor-element-bd3f095\" data-id=\"bd3f095\" data-element_type=\"column\" data-settings=\"{&quot;background_background&quot;:&quot;classic&quot;}\">\n\t\t\t<div class=\"elementor-widget-wrap elementor-element-populated\">\n\t\t\t\t\t\t\t\t<div class=\"elementor-element elementor-element-99cc508 elementor-align-left elementor-widget elementor-widget-button\" data-id=\"99cc508\" data-element_type=\"widget\" data-widget_type=\"button.default\">\n\t\t\t\t<div class=\"elementor-widget-container\">\n\t\t\t\t\t<div class=\"elementor-button-wrapper\">\n\t\t\t<a href=\"#aktuelle-jobs\" class=\"elementor-button-link elementor-button elementor-size-sm\" role=\"button\">\n\t\t\t\t\t\t<span class=\"elementor-button-content-wrapper\">\n\t\t\t\t\t\t<span class=\"elementor-button-text\">aktuelle Stellenagebote<\/span>\n\t\t<\/span>\n\t\t\t\t\t<\/a>\n\t\t<\/div>\n\t\t\t\t<\/div>\n\t\t\t\t<\/div>\n\t\t\t\t<div class=\"elementor-element elementor-element-c4b0129 elementor-widget elementor-widget-text-editor\" data-id=\"c4b0129\" data-element_type=\"widget\" data-widget_type=\"text-editor.default\">\n\t\t\t\t<div class=\"elementor-widget-container\">\n\t\t\t<style>\/*! elementor - v3.12.2 - 23-04-2023 *\/\n.elementor-widget-text-editor.elementor-drop-cap-view-stacked .elementor-drop-cap{background-color:#69727d;color:#fff}.elementor-widget-text-editor.elementor-drop-cap-view-framed .elementor-drop-cap{color:#69727d;border:3px solid;background-color:transparent}.elementor-widget-text-editor:not(.elementor-drop-cap-view-default) .elementor-drop-cap{margin-top:8px}.elementor-widget-text-editor:not(.elementor-drop-cap-view-default) .elementor-drop-cap-letter{width:1em;height:1em}.elementor-widget-text-editor .elementor-drop-cap{float:left;text-align:center;line-height:1;font-size:50px}.elementor-widget-text-editor .elementor-drop-cap-letter{display:inline-block}<\/style>\t\t\t\t<h3><strong>Wir sind st\u00e4ndig auf der Suche nach Reinigungskr\u00e4ften (m\/w\/d) f\u00fcr unsere Kunden!<\/strong><\/h3><p>F\u00fcr unseren Standort in K\u00f6ln und Umgebung sind wir auf der Suche nach zuverl\u00e4ssigem Reinigungspersonal, das die R\u00e4umlichkeiten unserer Kunden sauber und ordentlich h\u00e4lt. Dazu geh\u00f6ren Arztpraxen, B\u00fcror\u00e4ume, Lebensmittelm\u00e4rkte und weitere R\u00e4umlichkeiten. Bei den meisten Stellen handelt es sich um eine geringf\u00fcgige Besch\u00e4ftigung auf 520 \u20ac Basis. Auch bieten wir vereinzelt Stellen auf Teilzeitbasis an. F\u00fcr die Reinigung sind Sie eigenst\u00e4ndig verantwortlich. Sorgen Sie f\u00fcr eine saubere und gem\u00fctliche Arbeitsatmosph\u00e4re und begeistern Sie unsere Kunden mit gl\u00e4nzenden R\u00e4umen. Werden Sie Teil unseres Teams!<\/p><p><strong style=\"color: var( --e-global-color-7dd80ce ); font-family: var( --e-global-typography-text-font-family ), Sans-serif; background-color: var( --e-global-color-e5337e8 ); font-size: 1rem;\">Diese Aufgaben erwarten Sie als Reinigungskraft<\/strong><\/p><ul><li>Sie reinigen, versorgen und ordnen die R\u00e4ume unserer Kunden<\/li><li><span style=\"background-color: transparent; color: var( --e-global-color-7dd80ce ); font-family: var( --e-global-typography-text-font-family ), Sans-serif; font-weight: var( --e-global-typography-text-font-weight );\">Das bedeutet konkret: Bodenreinigung (teilweise maschinell), Staubwischen, Kehren, Staubsaugen, Wischen, Reinigen der WC-Anlagen und Anderes<\/span><\/li><li><span style=\"background-color: transparent; color: var( --e-global-color-7dd80ce ); font-family: var( --e-global-typography-text-font-family ), Sans-serif; font-weight: var( --e-global-typography-text-font-weight );\">Sie informieren die Gesch\u00e4ftsleitung \u00fcber n\u00f6tige Reparaturen oder M\u00e4ngel<\/span><\/li><li>Sie halten unsere Gesundheits- und Sicherheitsvorschriften ein<\/li><li>Sie f\u00fcllen unsere Vorratsr\u00e4ume auf<\/li><\/ul><p><strong>\u00a0<\/strong><\/p><p><strong>Diese Qualifikationen bringen Sie als Reinigungskraft mit<\/strong><\/p><ul><li>Um sich mit unseren Kunden absprechen zu k\u00f6nnen sprechen sie deutsch<\/li><li>Sie verf\u00fcgen bereits \u00fcber Erfahrungen als Reinigungskraft<br \/>idealer Weise haben Sie bereits Erfahrung mit Putzmaschinen<\/li><li>Sie verf\u00fcgen ggf. \u00fcber Kenntnisse zu Reinigungschemikalien und Mitteln<\/li><li>Sie sind bereit zur Arbeit in den Morgen- bzw. Abendstunden vor\/nach Ladenschluss<\/li><li>Sie haben einen Blick f\u00fcr\u2019s Detail<\/li><\/ul><p><strong><em>\u00a0<\/em><\/strong><\/p><p><strong style=\"color: var( --e-global-color-7dd80ce ); font-family: var( --e-global-typography-text-font-family ), Sans-serif; font-size: 1rem; background-color: var( --e-global-color-e5337e8 );\">Diese Vorteile bieten wir Ihnen als Arbeitgeber<\/strong><\/p><p>Als mittelst\u00e4ndiges Unternehmen bieten wir Ihnen eine eigenverantwortliche T\u00e4tigkeit in einem famili\u00e4ren Umfeld. Sie werden umpfangreich eingearbeitet und auf die speziellen Anforderungen vorbereitet. Sie erhalten einen Leistungskatalog f\u00fcr die entsprechende Unterhaltsreinigung. So sind Sie st\u00e4ndig informiert welche T\u00e4tigkeiten derzeit anliegen. Wir zahlen den <a href=\"https:\/\/igbau.de\/1-50-Euro-mehr.html\" target=\"_blank\" rel=\"noopener\">Tariflohn der IG Bau<\/a> f\u00fcr Geb\u00e4udereinigung. Stand 01. Oktober 2022 13,00 \u20ac\/h.<\/p><p><strong>Ihr Ansprechpartner f\u00fcr die Bewerbung<\/strong><\/p><p>Sie haben noch Fragen zum Job, zu den Anforderungen oder zu uns als Arbeitgeber? Dann nehmen Sie einfach Kontakt zu uns auf. Ihr Ansprechpartner ist jederzeit per Mail oder montags bis samstags zwischen 08:00 und 18:00 Uhr telefonisch unter folgenden Daten f\u00fcr Sie erreichbar. Wir freuen uns auf Ihre Bewerbung!<\/p><p><span style=\"color: #ff0000;\"><a style=\"color: #ff0000;\" href=\"https:\/\/www.bernardy-gebaeudereinigung.de\/home\/bewerbung\/\"><strong>Senden Sie uns jetzt Ihre Bewerbung!<\/strong><\/a><\/span><\/p>\t\t\t\t\t\t<\/div>\n\t\t\t\t<\/div>\n\t\t\t\t\t<\/div>\n\t\t<\/div>\n\t\t\t\t\t\t\t<\/div>\n\t\t<\/section>\n\t\t\t\t<section class=\"elementor-section elementor-top-section elementor-element elementor-element-8725940 elementor-section-boxed elementor-section-height-default elementor-section-height-default\" data-id=\"8725940\" data-element_type=\"section\">\n\t\t\t\t\t\t<div class=\"elementor-container elementor-column-gap-default\">\n\t\t\t\t\t<div class=\"elementor-column elementor-col-100 elementor-top-column elementor-element elementor-element-8ff136a\" data-id=\"8ff136a\" data-element_type=\"column\" data-settings=\"{&quot;background_background&quot;:&quot;classic&quot;}\">\n\t\t\t<div class=\"elementor-widget-wrap elementor-element-populated\">\n\t\t\t\t\t\t\t\t<div class=\"elementor-element elementor-element-b019a3d elementor-widget elementor-widget-heading\" data-id=\"b019a3d\" data-element_type=\"widget\" data-widget_type=\"heading.default\">\n\t\t\t\t<div class=\"elementor-widget-container\">\n\t\t\t<style>\/*! elementor - v3.12.2 - 23-04-2023 *\/\n.elementor-heading-title{padding:0;margin:0;line-height:1}.elementor-widget-heading .elementor-heading-title[class*=elementor-size-]>a{color:inherit;font-size:inherit;line-height:inherit}.elementor-widget-heading .elementor-heading-title.elementor-size-small{font-size:15px}.elementor-widget-heading .elementor-heading-title.elementor-size-medium{font-size:19px}.elementor-widget-heading .elementor-heading-title.elementor-size-large{font-size:29px}.elementor-widget-heading .elementor-heading-title.elementor-size-xl{font-size:39px}.elementor-widget-heading .elementor-heading-title.elementor-size-xxl{font-size:59px}<\/style><h2 class=\"elementor-heading-title elementor-size-default\">Aktuelle Stellenangebote<\/h2>\t\t<\/div>\n\t\t\t\t<\/div>\n\t\t\t\t<div class=\"elementor-element elementor-element-0358887 elementor-widget elementor-widget-text-editor\" data-id=\"0358887\" data-element_type=\"widget\" id=\"aktuelle-jobs\" data-widget_type=\"text-editor.default\">\n\t\t\t\t<div class=\"elementor-widget-container\">\n\t\t\t\t\t\t\t<h4>Reinigungskraft in Teilzeit (m\/w\/d) K\u00f6ln-Ehrenfeld<\/h4><p>F\u00fcr eine Einkaufsfiliale in K\u00f6ln-Ehrenfeld suchen wir derzeit eine Reinigungskraft.<\/p><p><b>Standort:\u00a0<\/b>K\u00f6ln-Ehrenfeld<br \/><b style=\"color: var( --e-global-color-7dd80ce ); font-family: var( --e-global-typography-text-font-family ), Sans-serif; background-color: var( --e-global-color-e5337e8 ); font-size: 1rem;\">Stundenlohn:\u00a0<\/b><span style=\"color: var( --e-global-color-7dd80ce ); font-family: var( --e-global-typography-text-font-family ), Sans-serif; background-color: var( --e-global-color-e5337e8 ); font-size: 1rem;\"><span style=\"font-weight: var( --e-global-typography-text-font-weight );\">13,00 EUR<\/span><br \/><\/span><b style=\"color: var( --e-global-color-7dd80ce ); font-family: var( --e-global-typography-text-font-family ), Sans-serif; background-color: var( --e-global-color-e5337e8 ); font-size: 1rem;\">Vertrag:\u00a0<\/b><span style=\"color: var( --e-global-color-7dd80ce ); font-family: var( --e-global-typography-text-font-family ), Sans-serif; background-color: var( --e-global-color-e5337e8 ); font-size: 1rem;\"><span style=\"font-weight: var( --e-global-typography-text-font-weight );\">Unbefristet<\/span><br \/><\/span><b style=\"color: var( --e-global-color-7dd80ce ); font-family: var( --e-global-typography-text-font-family ), Sans-serif; background-color: var( --e-global-color-e5337e8 ); font-size: 1rem;\">Vertragsart:\u00a0<\/b><span style=\"color: var( --e-global-color-7dd80ce ); font-family: var( --e-global-typography-text-font-family ), Sans-serif; background-color: var( --e-global-color-e5337e8 ); font-size: 1rem;\"><span style=\"font-weight: var( --e-global-typography-text-font-weight );\">Teilzeit \/ Minijob<\/span><br \/><\/span><b style=\"color: var( --e-global-color-7dd80ce ); font-family: var( --e-global-typography-text-font-family ), Sans-serif; background-color: var( --e-global-color-e5337e8 ); font-size: 1rem;\">Arbeitsstunden pro Woche:\u00a0<\/b><span style=\"color: var( --e-global-color-7dd80ce ); font-family: var( --e-global-typography-text-font-family ), Sans-serif; background-color: var( --e-global-color-e5337e8 ); font-size: 1rem;\"><span style=\"font-weight: var( --e-global-typography-text-font-weight );\">12<\/span><br \/><\/span><b style=\"color: var( --e-global-color-7dd80ce ); font-family: var( --e-global-typography-text-font-family ), Sans-serif; background-color: var( --e-global-color-e5337e8 ); font-size: 1rem;\">Mo.-Sa. von 06:00 bis 8:00 Uhr<\/b><\/p>\t\t\t\t\t\t<\/div>\n\t\t\t\t<\/div>\n\t\t\t\t<div class=\"elementor-element elementor-element-f799638 elementor-widget elementor-widget-button\" data-id=\"f799638\" data-element_type=\"widget\" data-widget_type=\"button.default\">\n\t\t\t\t<div class=\"elementor-widget-container\">\n\t\t\t\t\t<div class=\"elementor-button-wrapper\">\n\t\t\t<a href=\"https:\/\/www.bernardy-gebaeudereinigung.de\/home\/bewerbung\/\" class=\"elementor-button-link elementor-button elementor-size-sm\" role=\"button\">\n\t\t\t\t\t\t<span class=\"elementor-button-content-wrapper\">\n\t\t\t\t\t\t<span class=\"elementor-button-text\">Jetzt bewerben<\/span>\n\t\t<\/span>\n\t\t\t\t\t<\/a>\n\t\t<\/div>\n\t\t\t\t<\/div>\n\t\t\t\t<\/div>\n\t\t\t\t\t<\/div>\n\t\t<\/div>\n\t\t\t\t\t\t\t<\/div>\n\t\t<\/section>\n\t\t\t\t\t\t\t<\/div>\n\t\t","protected":false},"excerpt":{"rendered":"<p>aktuelle Stellenagebote Wir sind st\u00e4ndig auf der Suche nach Reinigungskr\u00e4ften (m\/w\/d) f\u00fcr unsere Kunden! F\u00fcr unseren Standort in K\u00f6ln und Umgebung sind wir auf der Suche nach zuverl\u00e4ssigem Reinigungspersonal, das die R\u00e4umlichkeiten unserer Kunden sauber und ordentlich h\u00e4lt. Dazu geh\u00f6ren Arztpraxen, B\u00fcror\u00e4ume, Lebensmittelm\u00e4rkte und weitere R\u00e4umlichkeiten. Bei den meisten Stellen handelt es sich um eine [&hellip;]<\/p>\n","protected":false},"author":1,"featured_media":0,"parent":0,"menu_order":0,"comment_status":"closed","ping_status":"closed","template":"","meta":{"footnotes":""},"class_list":["post-9","page","type-page","status-publish","hentry"],"_links":{"self":[{"href":"https:\/\/www.bernardy-gebaeudereinigung.de\/home\/wp-json\/wp\/v2\/pages\/9","targetHints":{"allow":["GET"]}}],"collection":[{"href":"https:\/\/www.bernardy-gebaeudereinigung.de\/home\/wp-json\/wp\/v2\/pages"}],"about":[{"href":"https:\/\/www.bernardy-gebaeudereinigung.de\/home\/wp-json\/wp\/v2\/types\/page"}],"author":[{"embeddable":true,"href":"https:\/\/www.bernardy-gebaeudereinigung.de\/home\/wp-json\/wp\/v2\/users\/1"}],"replies":[{"embeddable":true,"href":"https:\/\/www.bernardy-gebaeudereinigung.de\/home\/wp-json\/wp\/v2\/comments?post=9"}],"version-history":[{"count":88,"href":"https:\/\/www.bernardy-gebaeudereinigung.de\/home\/wp-json\/wp\/v2\/pages\/9\/revisions"}],"predecessor-version":[{"id":475,"href":"https:\/\/www.bernardy-gebaeudereinigung.de\/home\/wp-json\/wp\/v2\/pages\/9\/revisions\/475"}],"wp:attachment":[{"href":"https:\/\/www.bernardy-gebaeudereinigung.de\/home\/wp-json\/wp\/v2\/media?parent=9"}],"curies":[{"name":"wp","href":"https:\/\/api.w.org\/{rel}","templated":true}]}}